ate the remainder when g(-122) is divided by 48.
9
Let a be (-12)/(-3) + 4 + -6. Suppose 64 = -15*n + 229. Suppose -a*q - 2*x + n + 25 = 0, 0 = -3*q + 5*x + 62. What is the remainder when 74 is divided by q?
17
Let c(k) = -k**2 + 188*k + 1992. Calculate the remainder when 576 is divided by c(-10).
0
Suppose 0 = -5*c + 3 + 22. Let v(f) = -f**3 + 2*f**2 + 17*f - 11. Let r be v(c). What is the remainder when 73 is divided by (r + 4)/(6/((-324)/(-6)))?
19
Let r(a) = a**3 + 12*a**2 - 4*a + 12. Let t = -4 + 12. Suppose 2*n - t*n - 72 = 0. Calculate the remainder when r(n) is divided by 21.
18
Let f = -508 - -511. What is the remainder when (0 - -69) + 0/3 is divided by 336/(f + 11) + (-12)/2?
15
Calculate the remainder when 231 is divided by (8/(-3))/(-19 - (-3859)/204).
7
Let d(f) = 4*f**2 + 14*f - 68. Calculate the remainder when 170 is divided by d(-8).
18
Calculate the remainder when 845 is divided by 2919/14 - -2 - (-49)/14.
203
Suppose 169 = 47*m - 34*m. What is the remainder when 1179 is divided by m?
9
Suppose 5*d + 0*d - 25 = 0. Suppose -119 = -2*p - d*p. Calculate the remainder when p is divided by 5.
2
Let o(b) = 2*b - 7. Suppose 3*s - 135*m - 17 = -136*m, -5*s + 4*m = 0. What is the remainder when o(13) is divided by s?
3
What is the remainder when 362 is divided by ((-300)/45)/(4/(-72))?
2
Suppose 2*j + 146 - 684 = 0. What is the remainder when j is divided by (15 - 120/12) + -22*(-3 - -2)?
26
Suppose -17*z + 35 + 50 = 0. Let v = -9 - -21. Suppose z*h = v + 3. What is the remainder when 13 is divided by h?
1
Suppose 31*u + 161 = 8*u. Let t = u - -185. Calculate the remainder when t is divided by 45.
43
Let f(j) = 4*j - 22. Let c(q) = 3*q**2 - 9*q + 1. Let l be c(4). Calculate the remainder when f(l) is divided by 20.
10
Let r = -11264 - -11340. What is the remainder when 157 is divided by r?
5
Let a(z) = 2*z + 4. Let k = 271 - 164. Calculate the remainder when k is divided by a(7).
17
Suppose -82 = -m + 3*b, 248*m = 245*m + 4*b + 241. Suppose 0*q + 8 = q. Calculate the remainder when m is divided by q.
7
Suppose -4*h - 2*v = -2362, -2*h + 0*h = 5*v - 1185. Let i = h + -546. What is the remainder when i is divided by 32?
12
Let j(q) = 24*q**2 - 9*q - 27. Let f(y) = 23*y**2 - 9*y - 25. Let a(t) = 4*f(t) - 3*j(t). What is the remainder when a(-2) is divided by 30?
19
Suppose -2 - 4 = -6*c. Let o(t) = 0 + 1 + 2 - c + 6*t. Calculate the remainder when 97 is divided by o(3).
17
Let x be (-5760)/(-25)*10/(-3). What is the remainder when (186 + -1)*(10 - x/(-80)) is divided by 26/(-4)*-6*1?
35
Suppose -4*w = -6*a + 4*a + 40, 3*a + 2*w = 92. Let g be (-1 - (-574)/8) + 6/(-8). Let n = -64 + g. Calculate the remainder when a is divided by n.
4
Let g(f) = -f**3 - 8*f**2 - 7*f + 6. Let l(p) = 12*p**2 + 15*p - 27. Let c be 1*2/(-15) - 320/(-150). What is the remainder when l(c) is divided by g(-7)?
3
Let m be (-294)/15 - (-36)/60. Let k = 24 + m. Suppose 3*x - 10 = -y, -x - 59 = -k*y + 7. What is the remainder when y is divided by 7?
6
Suppose 4*o - 2*o = 42. Let i = -355 - 15188. Calculate the remainder when i/(-187) - 4/34 is divided by o.
20
Let j(s) = -168*s + 2305. What is the remainder when 1374 is divided by j(11)?
3
Suppose -3*d - 4 + 40 = 5*l, -4*d - 5*l + 53 = 0. What is the remainder when 1172/14 - (-26)/91 is divided by d?
16
Suppose -371*d + 368*d + 1399 = -5*x, 459 = d + 2*x. Calculate the remainder when d is divided by 66.
1
Suppose -25 = 5*x, -556*b + 561*b - 3*x - 140 = 0. Suppose 4*r - n = 32, 5 + 50 = 5*r - 5*n. Calculate the remainder when b is divided by r.
4
Let k = 484 - 473. Suppose 4*n = 43 - k. What is the remainder when 15 is divided by n?
7
Suppose 4*v - 3*f + 5*f + 2450 = 0, 1865 = -3*v + 4*f. Let x = 670 + v. What is the remainder when x is divided by (2 - -1 - 2)*12?
7
Let c(y) = y**2 + 33*y - 110. Let l be c(-36). Calculate the remainder when (((-10)/(-15))/l)/((-3)/702) is divided by 27.
24
Let x be ((-60)/35)/(28/(-98)). Suppose -x*y + 73 = -3*y + 5*t, 3*y - 5*t = 53. Calculate the remainder when 40 is divided by y.
19
Suppose u = 2*v + 106, -5*u + 2*u - 2*v = -278. Suppose 0 = -101*y + 85*y + u. Let c = -35 + 49. What is the remainder when c is divided by y?
2
Let h = 6150 + -5824. What is the remainder when h is divided by 80?
6
Let c = -7468 + 9398. What is the remainder when c is divided by 21?
19
Let o(w) = 7*w + 2. Let q be o(-2). Let t = -441 - -465. Calculate the remainder when (q/(-8))/(2/124) is divided by t.
21
Suppose -5*j = -2*f - 7*j + 228, -4*j - 246 = -2*f. Calculate the remainder when 570 is divided by f.
102
Let i = -36 + 40. Let y be 3/((-3)/(-4)) - i. What is the remainder when (y - 1/(-2))*(-1 - -11) is divided by 3?
2
Let m = -127 - -154. Let q(j) = j + j + 11 - 3*j. What is the remainder when m is divided by q(5)?
3
Suppose -3*f + 2*o + 3927 = -1093, -3345 = -2*f + o. Calculate the remainder when f is divided by 168.
158
Suppose 3*k = 9, -95*u + 91*u - 4*k + 3428 = 0. What is the remainder when u is divided by 57?
56
Let q(z) = 3*z**2 + 2*z - 2. Let k be q(1). Suppose 316 = 3*b + 2*d, 5*d + 128 = k*b - 174. What is the remainder when b is divided by 14/4*(-2 + 8)?
20
Suppose 0*f - 3*q = -f - 373, -1095 = 3*f - 3*q. Let z be -40 + 546 + (-3 - -11). Let a = f + z. Calculate the remainder when a is divided by 22.
21
Suppose -5 = l + 16. Let h be 221/7 + (-9)/l. Suppose 5 - 24 = -2*a + q, 0 = 4*a - 4*q - h. Calculate the remainder when a is divided by 6.
5
Let r = 13655 + -13612. What is the remainder when r is divided by (2 - -3 - -1) + 1?
1
Let w(v) = 10*v**2 - 2*v - 12. Suppose -p - 6*m + 33 = -11*m, 0 = 3*p - 5*m - 69. Calculate the remainder when w(-3) is divided by p.
12
Let l be ((-175)/11)/(-5) + (-8)/44. Suppose -2*u = 4*k + l*u - 556, 417 = 3*k + 4*u. What is the remainder when k is divided by 68?
3
Let f(w) = 2*w - 16. Let x be f(11). Suppose 0 = 3*m - 6, -3*i + 2*m + x = -5. Calculate the remainder when i is divided by 2.
1
Let c(t) = 157*t + 6144. What is the remainder when 178 is divided by c(-39)?
10
What is the remainder when (-67 + 70)/(2/4*(-6)/(-202)) is divided by 92?
18
Let f = -13757 - -13836. Calculate the remainder when 629 is divided by f.
76
Let h(u) = 6*u**2 - 47*u + 280. Calculate the remainder when 508 is divided by h(7).
18
Suppose -31*o + 457900 = 159*o. Calculate the remainder when o is divided by 24.
10
Let x(o) = -o**3 - 7*o**2 - 6*o + 10. Let l = 23 + -30. Let j be -4*(63/(-6))/l. What is the remainder when 19 is divided by x(j)?
9
Let c = -13 + 31. Suppose 25*x + 721 = c*x. Let n = x - -124. What is the remainder when 40 is divided by n?
19
Let m be -7 + 1688/88 - 6/33. Suppose -3*w = 27 - 6. Let a = m + w. What is the remainder when 18 is divided by a?
3
Let l(k) = 61*k - 162. Let n be l(4). Suppose 91*x - n*x = 3555. Calculate the remainder when x is divided by 12.
11
Suppose -s + 6 + 1 = w, -2*w + 17 = -s. Suppose -j = 2*f - 5, -w = -4*f + 2*j + 14. Calculate the remainder when 5 is divided by f.
1
Suppose 3*r - 206 = -5*f, -394*f - 236 = -4*r - 391*f. What is the remainder when 274 is divided by r?
26
Let h = 4254 - 4097. Calculate the remainder when 596 is divided by h.
125
Suppose -n + 3*n = -2*y + 1158, -2*n = 8*y - 1158. Calculate the remainder when n is divided by 144.
3
Suppose 127 = -4*x + 579. Suppose 2*i - 2*b = 116, -3*i + 3861 = -2*b + 3697. What is the remainder when x is divided by i?
17
Let t = -18695 - -19091. Calculate the remainder when t is divided by 42.
18
Let t = -11396 - -11634. What is the remainder when t is divided by 79?
1
Let k be (171/(-63) + 3)/((-2)/(-182)). Suppose 5*h = 3*s - 454, 21*s - k*s = -4*h - 748. What is the remainder when s is divided by 53?
42
Let g = 124 + -122. Let t be g/4*((1 - -5) + -2). What is the remainder when 28 is divided by (-780)/(-50) + t/5?
12
Let i be 3 - (-1)/(-3)*(-13 + 1). Suppose 2*f = -i*f + 18. Suppose 7 = -f*h + 33. What is the remainder when 51 is divided by h?
12
Suppose 68*z = -5*b + 66*z + 1200, 3*z - 960 = -4*b. Calculate the remainder when b is divided by 76.
12
Let l(n) = 6*n. Let v = 1 + 1. Let r = 438 + -381. Calculate the remainder when r is divided by l(v).
9
Suppose 373*q - 3274 - 5722 = -44. Suppose -2*g + 4*s - 135 = -509, 0 = -g - s + 193. What is the remainder when g is div